05 a composite number?
True
Is 135103 prime?
False
Is 15859 prime?
True
Is 47791 a prime number?
True
Is 49703 a composite number?
True
Is 1259 a prime number?
True
Is 9533 a composite number?
False
Is 58253 prime?
False
Is 6185 prime?
False
Is 257 prime?
True
Is 115201 composite?
False
Is 23227 a prime number?
True
Is 357217 a composite number?
True
Is 720849 prime?
False
Is 7601 prime?
False
Is 2989907 a prime number?
False
Is 492227 composite?
False
Is 20057 a composite number?
True
Is 3613 composite?
False
Is 61127 a composite number?
True
Is 49479 a prime number?
False
Is 1063747 composite?
False
Is 1860659 composite?
False
Is 330499 a composite number?
True
Is 38351 a prime number?
True
Is 50641 composite?
True
Is 834761 a composite number?
False
Is 1087 a composite number?
False
Is 49409 composite?
False
Is 20317 prime?
False
Is 243069 a composite number?
True
Is 22259 prime?
True
Is 55291 composite?
False
Is 54959 composite?
False
Is 78091 prime?
False
Is 79313 composite?
True
Is 19841 composite?
False
Is 17131 composite?
True
Is 16237 prime?
False
Is 51154 composite?
True
Is 9811 prime?
True
Is 17831 a composite number?
True
Is 343951 composite?
False
Is 1371931 composite?
True
Is 98743 a prime number?
False
Is 27926 prime?
False
Is 33574 a prime number?
False
Is 332687 a prime number?
True
Is 5324051 composite?
False
Is 44995 a composite number?
True
Is 5539 composite?
True
Is 1139 prime?
False
Is 42257 a prime number?
True
Is 31303 prime?
False
Is 4391 prime?
True
Is 5403 a composite number?
True
Is 252485 a prime number?
False
Is 23513 composite?
True
Is 132001 prime?
True
Is 538613 a composite number?
True
Is 197831 prime?
True
Is 50389 composite?
True
Is 906517 a composite number?
False
Is 188153 prime?
False
Is 26089 composite?
True
Is 614827 composite?
False
Is 3989 a composite number?
False
Is 787 a composite number?
False
Is 20299 a prime number?
False
Is 3623 a composite number?
False
Is 984253 composite?
False
Is 244181 prime?
False
Is 21419 a prime number?
True
Is 73217 composite?
True
Is 21635 a composite number?
True
Is 4358 a composite number?
True
Is 306749 composite?
False
Is 610511 a prime number?
False
Is 549313 a prime number?
True
Is 1535069 prime?
True
Is 2703973 a prime number?
True
Is 5261 a composite number?
False
Is 13577 composite?
False
Is 36167 a prime number?
False
Is 23719 prime?
True
Is 784087 composite?
False
Is 122021 a prime number?
True
Is 14963 composite?
True
Is 47491 prime?
True
Is 1467347 composite?
True
Is 766651 composite?
False
Is 214063 a prime number?
True
Is 444421 composite?
False
Is 2874673 prime?
True
Is 83701 a composite number?
False
Is 126069 composite?
True
Is 2342 a composite number?
True
Is 32419 a composite number?
True
Is 1559 a prime number?
True
Is 26101 a prime number?
False
Is 249667 composite?
True
Is 595489 composite?
True
Is 813323 a composite number?
True
Is 2238721 composite?
False
Is 30518 a prime number?
False
Is 2212787 composite?
True
Is 77986 composite?
True
Is 903419 a composite number?
True
Is 41579 composite?
False
Is 123599 composite?
True
Is 867269 composite?
True
Is 449 a prime number?
True
Is 277031 a composite number?
True
Is 22189 a composite number?
False
Is 21361 a composite number?
True
Is 1517497 composite?
True
Is 856277 composite?
False
Is 67709 composite?
False
Is 959 a prime number?
False
Is 17543 a prime number?
False
Is 55565 a composite number?
True
Is 3163 a prime number?
True
Is 6119 prime?
False
Is 77017 prime?
True
Is 183382 a composite number?
True
Is 261557 a prime number?
True
Is 4829 a prime number?
False
Is 499 prime?
True
Is 42509 a composite number?
False
Is 59539 composite?
False
Is 112205 composite?
True
Is 139483 prime?
True
Is 8069 a composite number?
False
Is 1011719 a composite number?
False
Is 219565 a prime number?
False
Is 1546 a composite number?
True
Is 173909 a composite number?
False
Is 4427 a composite number?
True
Is 28789 prime?
True
Is 152827 composite?
True
Is 1721 composite?
False
Is 267091 composite?
True
Is 881407 a composite number?
False
Is 31853 a prime number?
False
Is 5507 a prime number?
True
Is 111379 a composite number?
True
Is 195023 composite?
False
Is 1203077 prime?
True
Is 1067 a prime number?
False
Is 14051 a prime number?
True
Is 19913 a prime number?
True
Is 4721 a composite number?
False
Is 8311 a composite number?
False
Is 3067 prime?
True
Is 41011 prime?
True
Is 2907479 a prime number?
False
Is 1343 composite?
True
Is 360713 a prime number?
False
Is 177827 a composite number?
True
Is 17551 composite?
False
Is 9377 a prime number?
True
Is 251033 prime?
True
Is 242243 prime?
True
Is 1425583 a prime number?
True
Is 54521 a prime number?
True
Is 214603 a composite number?
False
Is 23969 a prime number?
False
Is 346259 a composite number?
False
Is 259073 a prime number?
False
Is 3299 a composite number?
False
Is 1343 a prime number?
False
Is 10091 a composite number?
False
Is 1919 composite?
True
Is 137782 a prime number?
False
Is 25853 a composite number?
True
Is 2063 prime?
True
Is 30673 prime?
False
Is 319 a composite number?
True
Is 9409 a composite number?
True
Is 3821 a prime number?
True
Is 33247 a prime number?
True
Is 30893 composite?
False
Is 75343 prime?
False
Is 992033 a composite number?
True
Is 24491 a prime number?
False
Is 9301 prime?
False
Is 54911 prime?
False
Is 1255 prime?
False
Is 1517 a composite number?
True
Is 24027 a composite number?
True
Is 42422 composite?
True
Is 269461 a prime number?
True
Is 586541 a prime number?
True
Is 137534 prime?
False
Is 6572393 a prime number?
True
Is 486523 a composite number?
True
Is 312731 a prime number?
False
Is 13417 composite?
False
Is 215869 composite?
True
Is 35761 composite?
True
Is 243463 prime?
False
Is 20693 a prime number?
True
Is 115259 composite?
False
Is 3839 a prime number?
False
Is 1501 composite?
True
Is 1471 prime?
True
Is 1532885 a prime number?
False
Is 6081 composite?
True
Is 70423 a prime number?
True
Is 239182 a composite number?
True
Is 4037 a prime number?
False
Is 39367 composite?
False
Is 462263 a composite number?
False
Is 2591 a prime number?
True
Is 1258627 prime?
True
Is 7045 composite?
True
Is 16869 composite?
True
Is 126169 a prime number?
False
Is 243907 composite?
True
Is 59834 prime?
False
Is 450503 a prime number?
True
Is 313107 prime?
False
Is 22502 a prime number?
False
Is 1937 composite?
True
Is 3371473 a composite number?
True
Is 908169 a composite number?
True
Is 926438 prime?
False
Is 34123 a prime number?
True
Is 158359 a composite number?
False
Is 199 a composite number?
False
Is 10279 a prime number?
False
Is 1943 prime?
False
Is 21923 prime?
False
Is 1505797 prime?
True
Is 26171 composite?
False
Is 39133 composite?
False
Is 159521 composite?
False
Is 1490263 a composite number?
True
Is 124951 composite?
False
Is 83067 a composite number?
True
Is 20593 composite?
False
Is 107563 a composite number?
False
Is 5809 a composite number?
True
Is 89413 a composite number?
False
Is 73813 prime?
False
Is 7601 a composite number?
True
Is 469 a composite number?
True
Is 316847 a prime number?
True
Is 140171 a composite number?
False
Is 9739 a composite number?
False
Is 5749 composite?
False
Is 25341 a composite number?
True
Is 5627 a prime number?
False
Is 5543 a composite number?
True
Is 3973 a composite number?
True
Is 557 prime?
True
Is 119859 prime?
False
Is 254 composite?
True
Is 10483 prime?
False
Is 4039 a prime number?
False
Is 47831 composite?
True
Is 132293 a composite number?
True
Is 113809 composite?
False
Is 2109707 a composite number?
False
Is 35387 prime?
False
Is 17863 a prime number?
True
Is 44711 prime?
True
Is 48109 prime?
True
Is 107893 a prime number?
False
Is 34313 a prime number?
True
Is 164969 composite?
True
Is 1082059 a prime number?
False
Is 103331 prime?
False
Is 28739 a prime number?
False
Is 158495 prime?
False
Is 6469 a composite number?
False
Is 13645 prime?
False
Is 607811 a composite number?
True
Is 144773 a composite number?
False
Is 23857 a composite number?
False
Is 140363 composite?
False
Is 17378 prime?
False
Is 3343 a composite number?
False
Is 174833 composite?
True
Is 19937 composite?
False
Is 161503 composite?
False
Is 413537 a composite number?
False
Is 17311 a